ommon divisor of a and 16?
16
Suppose 15 = s + 3*u, -s + 3*u + 6 + 3 = 0. Suppose -3*o = 1 - 7. Let i be ((-3 - o) + -3)/(-2). Calculate the greatest common divisor of s and i.
4
Let l(h) = 4*h + 2. Let q be l(16). Calculate the highest common factor of q and 33.
33
Suppose 0 = -p + 4*p - 1110. Calculate the greatest common factor of 37 and p.
37
Suppose 0*n - n = 2*p - 277, -8 = -2*p. Let y = n + -149. Calculate the highest common factor of 48 and y.
24
Let z = -9 + 24. Calculate the greatest common divisor of z and 6.
3
Let q = -136 - -144. What is the highest common divisor of 56 and q?
8
Suppose -3*p = -2*h + 4 - 12, -p + h + 3 = 0. Suppose 4*s - 20 = -p*q, q - 2*q = s - 4. What is the greatest common factor of 12 and s?
6
Let j(t) = 8*t - 4. Let p be j(4). Calculate the highest common divisor of 56 and p.
28
Let u be (24/30)/(2/5). Suppose 3*i = 14 - u. Suppose 38 - 134 = -i*s. Calculate the greatest common factor of 6 and s.
6
Let s = 105 + -39. Suppose 0 = -k + 5*y - 2 + s, 0 = k - 4*y - 62. Calculate the greatest common factor of k and 6.
6
Let r be -12*(1 + (-2)/4). Let i = r - 0. Let x be 5*-3*(i + 3). Calculate the greatest common divisor of 18 and x.
9
Suppose -3*f - 4*x = -13, 0 = f - x - 3 + 1. Let t be -6 + 0 - (-1 + f). Let m be 30/(-4)*t/5. Calculate the greatest common factor of 132 and m.
12
Suppose 39 = 2*n + 3*j, 3*n - 7*j + 2*j - 68 = 0. Let u be 14*(2 - 23/(-2)). Calculate the greatest common factor of n and u.
21
Let k(m) = -m**2 - 12*m - 15. Let a be k(-12). Let c = a + 3. Let p be (c/9)/(3/(-9)). Calculate the highest common factor of p and 44.
4
Suppose 4*v + 5*o - 11 = 0, -v + 3*o = -0*v - 7. What is the highest common factor of v and 2?
2
Let m be 21/9 + 4/6. Suppose l - 4 = 2*l. Let h(u) = u**3 + 5*u**2 + 3*u - 3. Let r be h(l). What is the highest common divisor of m and r?
1
Suppose 152 = -2*i + a, 4*i + a - 13 = -311. Let o be i*(3 + (-28)/6). What is the greatest common divisor of o and 50?
25
Suppose 3*a = n + 23 - 115, -3*a = 3*n - 240. Suppose 0 = -3*m - 4*h + 64, -2*m - 3*h = 2*m - n. Calculate the greatest common factor of m and 30.
10
Let h = 5 + 9. Suppose -5*x + 0*x + 280 = 0. What is the greatest common divisor of h and x?
14
Suppose -3*p = -6*p + 5*t + 11, -2*p + 24 = 5*t. Suppose -4*m + 39 = p. Calculate the highest common divisor of m and 8.
8
Let a(x) = x**3 - x + 239. Let k be a(0). Let b = k + -143. What is the greatest common factor of b and 12?
12
Let t(o) = -o - 3. Let p be t(-10). Let g = 9 - -5. Calculate the greatest common divisor of g and p.
7
Suppose s - 10 = 2*y, 2*s = -4*y - 3*s + 8. Let w(k) = -k**3 - 2*k**2 - 3*k - 4. Let g be w(y). Calculate the highest common factor of g and 112.
14
Let t(m) = 6*m**2 + m - 2. Let x be t(2). Let u = 123 + -70. Let w = -37 + u. Calculate the highest common divisor of x and w.
8
Let g(i) = 2*i. Let v be g(7). Suppose -3*b + 50 = v. Calculate the highest common divisor of b and 96.
12
Let f = -1 - 0. Let v(b) = -14*b + 1. Let l be v(f). Let a = 182 + -122. Calculate the highest common factor of l and a.
15
Suppose -3*z + 5*k = -187, -2*z + 196 = z + 4*k. Calculate the highest common factor of 8 and z.
8
Suppose -3*k - 5 = 4. Let v be -21*-1*(-1)/k. What is the greatest common factor of 1 and v?
1
Let n(o) = o**3 - 10*o**2 - 14*o - 3. Let c be n(11). Let q be (-544)/(-18) - (-8)/c. Calculate the highest common divisor of 15 and q.
15
Let h(r) = 3*r**2 + 3*r + 1. Let x be h(-2). What is the highest common divisor of x and 49?
7
Let d be -4 - -3 - 2 - -6. Let m be ((6/(-2))/d)/(-1). Suppose 2 + 4 = 3*c. What is the highest common divisor of m and c?
1
Let c = 94 + -17. What is the highest common divisor of c and 11?
11
Suppose -8*j - 78 = -11*j. What is the greatest common divisor of j and 39?
13
Let y(o) = o**3 + 3*o**2 - 13*o - 4. Let a be y(4). Let m = 7 - -1. What is the greatest common divisor of m and a?
8
Suppose -5*v = -17*v + 108. Calculate the greatest common factor of v and 9.
9
Let h = -30 + 20. Let o(x) = x**2 + 8*x - 6. Let a be o(h). What is the highest common divisor of 7 and a?
7
Let o be (-1 - (-2)/(-2)) + 2. Suppose o = -5*h - 3*c + 68, h + 5*c = c. Calculate the highest common divisor of h and 32.
16
Suppose 0*w = w + s + 1, -5*w + 22 = -4*s. Let l = 26 + -16. What is the highest common factor of l and w?
2
Let z = 12 + -10. Suppose -2*n = n + 2*v - 344, 0 = z*n - v - 220. Calculate the highest common factor of 16 and n.
16
Suppose -4*n = n - 10. Suppose 3*i - 59 = -n*h + 102, 67 = i - 2*h. What is the greatest common divisor of i and 19?
19
Let r(n) = 2*n**3 - 4*n**2 + 4*n - 2. Let l be ((-10)/(-20))/((-2)/(-12)). Let u be r(l). What is the highest common divisor of 42 and u?
14
Let b(q) = -17*q + 14. Let i be b(-11). Let y = i + -81. Let z be y/28 + (-2)/7. What is the greatest common factor of 10 and z?
2
Let b = -168 - -191. Calculate the highest common factor of b and 115.
23
Let z be (-2 + 77 - 2) + -3. What is the highest common divisor of z and 28?
14
Suppose x - 44 = -3*x. Suppose -2*m + x = n - 19, 0 = 4*n. What is the highest common factor of m and 10?
5
Suppose -269 - 109 = -7*g. Calculate the highest common factor of g and 6.
6
Suppose 2*k - 8 = 32. Calculate the greatest common divisor of 50 and k.
10
Let y = 12 - 6. Suppose 3*g = -3*i - g - 7, 3*i + 3*g + 3 = 0. Suppose i*n - 104 - 94 = 0. What is the highest common divisor of n and y?
6
Let o be ((-12)/15)/(4/(-120)). Let f = -17 + o. Let a(b) = b**3 + 4*b**2 - 1. Let x be a(-2). What is the highest common divisor of f and x?
7
Let d(k) = 80*k. Let u be d(1). What is the highest common divisor of u and 10?
10
Let y be 2 - (2 + (-3 - -1)). Let i be ((-3)/5)/(y/(-50)). What is the greatest common divisor of 3 and i?
3
Suppose c + 5 - 2 = 0, -2*s + 4*c = -72. Calculate the greatest common factor of s and 75.
15
Let w(h) = -h**3 + 11*h**2 - 4*h. Suppose a - 2 = 7. Let y be w(a). Calculate the highest common factor of y and 18.
18
Let t = -6 - -6. Let o be 1 - t - (-3)/3. Suppose -y - o*y = -108. Calculate the greatest common factor of 24 and y.
12
Let f = -10 + 31. Calculate the highest common divisor of 7 and f.
7
Suppose 3*y - 20 = -u - 0*y, -u + y + 12 = 0. Calculate the highest common factor of 2 and u.
2
Suppose 764 = 5*i + 3*y - 58, 0 = 4*i + 3*y - 657. What is the greatest common divisor of 15 and i?
15
Let i(k) = -k - 15. Let c be i(-13). Let l(j) = -9*j - 3. Let p be l(c). Calculate the greatest common divisor of p and 135.
15
Let k(w) = w**2 + 13*w. Let c be k(-10). Let u = -22 - c. Calculate the greatest common divisor of 12 and u.
4
Suppose 4*q - 121 = -17. Suppose -3*o - 23 = -2*o - 5*k, -26 = -3*o - 4*k. Let g be (-1 - -2) + o*6. Calculate the greatest common factor of q and g.
13
Let p = -440 + 682. What is the greatest common divisor of 22 and p?
22
Suppose -4*y + 5 + 3 = 0. Suppose -y*w = 4 - 20. Suppose -5*z = 3*n - 148, -7*z + n = -2*z - 164. What is the greatest common factor of z and w?
8
Suppose -2*s + 8 = -4. Let p be -9*(2 - 16/s). Suppose -3*u + 41 = 2*z + 7, 0 = 3*z - p. Calculate the highest common factor of 20 and u.
10
Let z = -6 - -11. Let i(w) = -2*w - 1. Let b be i(2). Let y(d) = -d**3 - 4*d**2 + 5*d + 1. Let j be y(b). What is the greatest common divisor of j and z?
1
Suppose -2*j = -3*t + 435, -2*t + 3*j = -136 - 159. Let n(x) = 4*x + 1 - 5*x + 0 - x. Let a be n(-6). What is the highest common factor of a and t?
13
Suppose 0 = 2*t - f + 3011, 2*f = -0*t + 3*t + 4518. Let l be t/(-56) - 1/(-7). Calculate the greatest common divisor of l and 54.
27
Suppose -5*i - 9 = -8*i. Suppose 56*m = 60*m - 4. What is the highest common divisor of m and i?
1
Suppose 27 - 126 = 3*g. Let h(l) = -l**3 - 8*l**2 + 11. Let p be h(-8). Let x be (-4746)/g + 2/p. Calculate the greatest common factor of 16 and x.
16
Suppose -3*f - 87 = -5*o, -o - 2*f + 3*f + 17 = 0. What is the highest common divisor of o and 18?
18
Let y be (-1)/(3/(-6)) + 68. Let g = 21 + -5. Suppose -3*c + 18 + g = -h, 3*h = 3*c - 42. Calculate the highest common factor of c and y.
10
Let y be 1/(-2)*(-7 + 8)*-6. What is the greatest common factor of 12 and y?
3
Suppose -2*v + 3*l - 9 = 0, 12 + 7 = -2*v + 5*l. Calculate the greatest common divisor of v and 2.
1
Let a = 8 - 7. Suppose -7*f 